e r*((-37)/(-3) - -1). Suppose 0*y = -2*y + 4*n + 70, -q = -y - 3*n. Is 15 a factor of y?
False
Suppose -3*i = -27 - 96. Is 11 a factor of i?
False
Suppose 193 = -3*i - 2*k, -k - 71 = i + k. Let q be i/2 + 1/(-2). Is (q - 1)*(-2)/4 a multiple of 14?
False
Let k be 9/(1 - (-8)/(-9)). Let g = k + -27. Let n = g - 33. Does 7 divide n?
True
Let l(u) = u**3 + 4*u**2 + 2*u - 2. Let r be l(-2). Suppose p - r*p + 44 = 0. Suppose z + 60 = 2*v, -p = -3*v + 5*z + 60. Is v a multiple of 14?
True
Let d(j) = 10*j**2 - j + 1. Let a be d(1). Is ((-10)/4)/((-1)/a) a multiple of 9?
False
Let k(u) be the first derivative of -u**2/2 + u + 4. Is 4 a factor of k(-4)?
False
Let p = -86 + 116. Is p a multiple of 7?
False
Suppose 0*c - 9 = -3*c. Let l = c - -6. Is l a multiple of 4?
False
Suppose -3*k - k = -344. Suppose -3*s + s = -k. Is 11 a factor of s?
False
Suppose -4*s = -8*s - 32. Let t be 5*-1*(-24)/(-30). Does 7 divide 3 - (s + 1 + t)?
True
Let u(p) = 2*p**2 + 5 - p**2 - 5*p + 3 + 3. Let n be u(10). Let y = 101 - n. Does 15 divide y?
False
Suppose 3*g + 2*t - 8 = 0, 2*g - 5*t = -3*t + 12. Suppose -2*v + 580 = 2*v. Suppose w - v = -g*w. Is 11 a factor of w?
False
Let i(t) be the first derivative of t**3/3 + 3*t**2 - 4*t + 1. Does 36 divide i(8)?
True
Let l be 2*(-4 - (-22)/4). Suppose 11 = l*t - 1. Is 4 a factor of t?
True
Let p = 25 + -20. Is p a multiple of 4?
False
Let i be (-242)/10 + (-1)/(-5). Let v = 36 + i. Does 12 divide v?
True
Let k = 9 + 0. Does 9 divide k?
True
Let f = 14 - 1. Let c = f - 8. Suppose 4*g = c*g + 3*y - 17, 3*g - 3*y = 51. Is g a multiple of 6?
False
Let w be ((-2)/5)/((-1)/230). Suppose -5*j = 2*m - 19, 4*j - 19 - 1 = -4*m. Suppose -j*r + w = r. Does 15 divide r?
False
Suppose -i + 5*w + 39 = 0, -7*w + 3*w - 48 = -2*i. Is 9 a factor of i?
False
Suppose -4*y + 4 + 8 = 0. Suppose 0 = 3*a + 9, -2*w - 2*a + 5 = y. Is 3 a factor of w?
False
Suppose -n - 28 = -3*y - 395, 5*y + 613 = 2*n. Is 22/y - (-1280)/22 a multiple of 17?
False
Let w(p) = -16*p + 5. Let j be w(-5). Suppose -3*d - 2*d + j = 0. Does 12 divide d?
False
Let m(w) = -39*w**3 - 2*w - 1. Is m(-1) a multiple of 20?
True
Let u(f) = f**2 - 7*f - 16. Let o be u(9). Suppose -5*h - 70 = -w, o*h - 180 = -4*w - 3*h. Is 18 a factor of w?
False
Let n(h) = 41*h**2 - 2*h + 1. Let x be n(1). Let j = -17 + x. Does 23 divide j?
True
Let v(g) = 3*g**2 + 5*g - 7. Let j be v(-5). Let p be (-2)/(-4*1/(-6)). Is p/(9/6) + j a multiple of 19?
False
Suppose -4*v + 5*i - 200 = 0, -2*i - 115 = 3*v + 3*i. Does 24 divide -2 - 1 - (-6 + v)?
True
Suppose 16 + 6 = 2*v. Does 3 divide v - (2 + -5 - -5)?
True
Let q be (2/2)/(2/8). Let b = 4 - q. Suppose 5*a - 120 = -4*x, b = 2*x + x + 4*a - 91. Is x a multiple of 9?
False
Let b = 136 + -64. Is b a multiple of 21?
False
Let h(p) = 32*p**2 + p - 1. Suppose -3*y + 8 = -5*a, 3 = -5*a - 2. Is 7 a factor of h(y)?
False
Is 29 a factor of (18/(-27))/(-1 + (-50)/(-51))?
False
Let p = 6 + -4. Suppose -p*v = -7*v + 50. Is 10 a factor of v?
True
Suppose 2*w = -5*b + w + 36, 0 = -3*b + 2*w + 19. Is b a multiple of 4?
False
Suppose 3*h = h + 10. Suppose -a + 12 = 3*u - 8*u, 5*a - h*u - 60 = 0. Does 4 divide a?
True
Suppose l = 1 + 1. Suppose 3*o - 65 = -l*o. Is 13 a factor of o?
True
Let b be (-120)/(-18) - (-2)/(-3). Let m(s) = 2*s**2 - 8*s + 6. Does 10 divide m(b)?
True
Does 5 divide (-5)/(60/(-357)) - 1/(-4)?
True
Let b(w) = -6*w - 13. Let y(p) = 3*p + 7. Let l(h) = 3*b(h) + 5*y(h). Is l(-3) even?
False
Let g = 229 + -107. Let h = -47 + g. Is 25 a factor of h?
True
Suppose -n + 2*d + 3*d = 0, -5*n = -4*d. Suppose -2*v = -n*v - 40. Does 10 divide v?
True
Suppose -2*j - 27 = j. Let t be 1/(-2 - -3)*j. Is 12 a factor of (-2 - 6)*t/6?
True
Let u = -12 - 14. Let t be -34*(-2 + (3 - 3)). Let o = t + u. Is 17 a factor of o?
False
Suppose -7*k + 6*k = -23. Suppose 5*b - k = 52. Is b a multiple of 5?
True
Suppose 651 = 6*c + c. Does 27 divide c?
False
Suppose -u = u + 2*m - 142, 0 = -5*m - 15. Is u a multiple of 29?
False
Let k(f) = 6 + f**2 - 6*f - 3 + 16*f. Is k(-11) a multiple of 5?
False
Let p(q) = q**2 + 3. Let x be p(0). Suppose -x - 5 = 4*z. Let g(s) = -5*s - 3. Does 7 divide g(z)?
True
Suppose 6*r = 2*r + 4*j + 32, -36 = -5*r + j. Suppose 0 = -h + p + r, -3*h - 1 - 3 = 2*p. Suppose 0 = -3*f + g + 30, -f + h*g = 4*g - 10. Does 5 divide f?
True
Suppose -4 = 2*t - 0. Suppose -2*h + 4*i - 10 = 0, -3*h = 3*i - 1 - 2. Does 26 divide h + -2 + (t - -53)?
False
Let v be 5/(10/36) + 2. Is 10 a factor of (-1 - 3)/((-8)/v)?
True
Let q(h) = 2*h**2 - 8*h + 10. Is 4 a factor of q(4)?
False
Let o(u) be the second derivative of -u**5/10 - 5*u**4/12 + u**3/3 - u**2/2 + 7*u. Suppose 3*m + 2*q + 15 = -q, -3*m + 2*q - 10 = 0. Does 12 divide o(m)?
False
Suppose 3*x - 4*r + 84 = -r, -x - 4*r - 3 = 0. Let l = -12 - x. Is 6 a factor of l?
False
Let g be 17 + (-2 + 0 - -1). Suppose 3 = 5*r - 37. Let m = g - r. Is m a multiple of 4?
True
Let x(g) = -g + 25. Does 4 divide x(-10)?
False
Let h(v) = -3*v - 31. Is h(-13) even?
True
Let h(f) = -f**2 - 9*f + 10. Let m be h(-8). Let q = 54 - m. Is q a multiple of 18?
True
Let c(d) = 5*d**2 + 5*d - 3. Let m be c(3). Suppose -3*a = -m + 6. Does 17 divide a?
True
Let b(t) = -t**2 - 4*t + 5. Let x be b(-4). Let p = x - 10. Does 3 divide -1*5*4/p?
False
Suppose 5*n + 4*d = 393, -d + 2 + 0 = 0. Let k = -27 + n. Does 13 divide k?
False
Suppose -2*s - s + 45 = 0. Let g = s - 7. Suppose 31 = 3*w - 5*c, w + 2*c = 6*c + g. Is 6 a factor of w?
True
Suppose 4*j - 10 = c, -3*j = 2*j + 5*c. Let p = 2 + j. Suppose -3*z + 7*o + 84 = p*o, 2*z - o = 58. Is 15 a factor of z?
True
Suppose -5*h - 2*r = -395, 5*h - 2*r - 425 = 2*r. Is h a multiple of 24?
False
Suppose 102 = 2*a - 12. Does 25 divide a?
False
Let x = -1 + 7. Suppose 2 = z - x. Is z a multiple of 4?
True
Let u(t) be the third derivative of 11*t**4/24 - t**3/6 - 4*t**2. Is 5 a factor of u(1)?
True
Is 15 a factor of (-3 + 66/4)/((-3)/(-40))?
True
Suppose 4*r = -r + 625. Suppose 45 = -5*v + r. Is 6 a factor of v?
False
Let d(n) = -2*n**3 - n**2 + 4*n + 2. Let r(x) = x - 6. Let h be r(3). Let u be d(h). Suppose -44 = -3*b + o, 5*o = -b - b + u. Is 15 a factor of b?
True
Let y = 13 + 17. Is y a multiple of 10?
True
Let h(y) = y**3 + 8*y**2 + 5*y - 10. Let c be h(-7). Suppose 4*x = i - 1 - 13, 2*x + 16 = -4*i. Does 11 divide (-22)/c*(x + 2)?
True
Suppose i + 5*t = -11, 2*i - 29 = -3*i + 3*t. Does 2 divide i?
True
Suppose 4 = -0*j + 4*j, 0 = 5*w + 4*j - 19. Suppose -w*o - 5*h - 8 = -h, 0 = -o - 2*h - 2. Let a = 8 + o. Is a a multiple of 2?
True
Suppose 3*l - 5*l - 384 = -2*c, 2*c = -l + 369. Is 13 a factor of c?
False
Let y(q) = 3*q**2 + 23*q + 29. Let n(u) = u**2 + 11*u + 14. Let a(x) = -5*n(x) + 2*y(x). Let s be a(10). Is (-44)/(-8) - (-3)/s even?
True
Let n be (-2 - (1 + -1)) + -8. Let g = 27 + n. Does 17 divide g?
True
Suppose -12 = 2*w - 6*w. Suppose -2*x + 2 = 4*f, 0*f + w*x - 3 = 5*f. Is 8/((1 - 0) + f) a multiple of 8?
True
Suppose 2*t - 161 = -5*q, 0 = -4*t + 2*t + 5*q + 171. Is 19 a factor of t?
False
Suppose 0 = 6*i - 4*i - 44. Is i a multiple of 11?
True
Suppose 0 = 3*i - 2*j - 6, -5*j = i - 0*j - 2. Does 15 divide (4 - 2/i) + 27?
True
Let h be (-624)/(-10) - (-4)/(-10). Suppose x = -8 + h. Does 14 divide x?
False
Let p(o) = o**3 - 15*o**2 + 16*o + 2. Is 5 a factor of p(14)?
True
Let n be 0 - (1 + 2/1). Let o(b) = b + 4. Let u be o(n). Is 4 a factor of u*9 + 0/4?
False
Is 4 a factor of (6/(-9))/(-2 - 368/(-186))?
False
Let m = 48 - 24. Let o = -17 + m. Is 6 a factor of o?
False
Let p(f) = 44*f**2 + f - 1. Let w = -6 - -7. Does 22 divide p(w)?
True
Let y be -2 - (0 - 6) - 2. Suppose -y*d = -p + 1, 2*p - 1 = 2*d - 3. Let f(i) = i**2 - i. Is f(p) a multiple of 6?
True
Suppose -30 = -12*g + 9*g. Is g a multiple of 5?
True
Is 10 a factor of ((-16)/(-20))/((-6)/(-255))?
False
Suppose -2*j - 3*j - k + 153 = 0, -111 = -4*j + 3*k. Does 6 divide j?
True
Let l be 14/6 - (-4)/6. Suppose -2*y - 5*o = -49, -7*y + l*o = -2*y - 169. Does 11 divide y?
False
Suppose 3*p + 85 = 2*o, 3*p = -6*o + 5*o + 38. Is o a multiple of 19?
False
Let k(p) = -p + 2 + 2 - 4 - 1 + 14*p**2. Is 6 a factor of k(-1)?
False
Let d be -1 + -2 + 3 + 4. Let g(i) = -i**2 + 4*i + 3. Let y be g(d). Let s = y + 19. Is s a multiple of 15?
False
Let u(